ppose 3*i + 6 = t - 4*t, -t = -4*i + 2. Let b(s) = 7*s - 7*s + 0*s + 1 - s. Give b(i).
1
Let f(t) be the second derivative of t**7/840 + t**6/120 - t**5/120 + t**4/6 + t**3/6 - 5*t. Let y(c) be the second derivative of f(c). Determine y(-4).
-8
Let v(t) = 146*t**2 - 6 - 3 - t**3 - t - 146*t**2. Calculate v(0).
-9
Let n(i) be the second derivative of -i**4/12 + i**3/3 + i**2 - i. Let a(f) = f**2 + f. Let b be a(-3). Suppose 4*l - b*l + w = -8, -l - 2*w + 4 = 0. Give n(l).
-6
Let b(m) = -407 + 7*m**2 - 4*m**2 + 407 + 2*m + m**3. What is b(-2)?
0
Let g(f) = -3*f**2 - 9*f - 6. Let n = -1 + 9. Let m(a) = -5*a**2 - 14*a - 9. Let b(z) = n*g(z) - 5*m(z). What is b(4)?
5
Let a(i) = -4*i. Let z be ((-5)/3)/(1/(-9)). Suppose -2*d = 3*d - z. Suppose -4*w - 2*v - 17 = -v, -2*v = d*w + 19. What is a(w)?
12
Let q(i) = -i - 2. Let w(f) = f**3 + 2*f**2 - 2*f - 1. Let a be w(-2). Let m(c) = 6 - 2*c**2 - 5*c + a*c**2 - 2 + 1. Let y be m(5). Calculate q(y).
-7
Let q(j) = -2*j**2 + 1. Suppose 0 = 9*d + 8 - 26. What is q(d)?
-7
Let t(z) = -4*z - 3. Suppose -l + 2*l + 3 = 0. Determine t(l).
9
Let b(j) = -7*j**2 - 3*j - 2. Let v(u) = 20*u**2 + 8*u + 5. Let l(m) = 8*b(m) + 3*v(m). Let q be l(-1). Let y(d) = -q*d + d**3 + 2*d - 2*d**3. Give y(0).
0
Let u(h) = h**3 + 7*h**2 + 2*h - 7. Suppose 0*j = -5*j - 3*w - 42, 0 = -2*j + 3*w. Give u(j).
17
Let a(z) = z**3 + 5*z**2 + 6*z + 2. Let c = -14 - -10. Give a(c).
-6
Let z(s) = 10*s - 3*s - 3*s - 3*s. Let y(i) = -i**2 + 2*i - 1. Let p(x) = y(x) + z(x). Calculate p(4).
-5
Let z(t) = t**3 - 5*t**2 + 3*t + 5. Let s(j) = -2*j + 1. Let a be s(1). Suppose -4*m + 7 = 3*x - 0*m, 5*m = x - 15. Let o = x + a. Calculate z(o).
1
Let z(r) = -r**3 - 2*r**2 + 2*r. Let y = -9 - -5. Let f be -4 + y/(-8)*4. Calculate z(f).
-4
Let p(y) = y**3 - 5*y**2 - 4*y - 6. Suppose 3*q - 4*b - 26 = 0, q - 22 = -4*q - 4*b. Determine p(q).
6
Let t(a) be the second derivative of -a**4/12 + 7*a**3/6 - 2*a**2 + 32*a. Determine t(5).
6
Suppose -2*y = -4*a, -5*y - 4 = 6. Let x(u) = -5*u**3 - u**2 - u. Determine x(a).
5
Let f(r) = r**2 + r**2 - 3 - 3*r**2 + 0. Calculate f(3).
-12
Let r(k) = k**3 + k**2 + k - 17. Let z = 26 - 26. Determine r(z).
-17
Suppose 10 = -5*c + 5*i, -2 = c + 4*i - 10. Let r = 0 - -1. Let w(n) = -2*n**2 + 5*n**2 + r - 2*n**2. Give w(c).
1
Let o(v) be the first derivative of v**2 + v + 3. Let q be o(2). Let x(i) = i**2 - 6*i. Determine x(q).
-5
Let a(g) = -g**3 - 3*g**2 - 2*g. Let y = 1 - -1. Suppose 0 = -0*i - i - 5*h + 14, 0 = 2*i - y*h - 4. Suppose 12 = -4*x + i. Determine a(x).
0
Suppose 0 = s - 3 - 1. Let n = s - 2. Let g(m) = 0 - n + 0 - m. Calculate g(3).
-5
Suppose -y + 8*j - 1 = 3*j, 0 = 5*y - j + 5. Let r(v) be the third derivative of -2*v**5/15 + v**3/6 + v**2. Calculate r(y).
-7
Let a(z) be the third derivative of -z**5/60 - z**4/6 - 2*z**3/3 - z**2. Suppose -3*v = 9, 0 = 2*n - n - v. Let l(b) = 2*b + 1. Let x be l(n). Calculate a(x).
-9
Suppose -3*h = -4*r + 5*r + 9, -3*h = 12. Let d(p) = -p**2 + 6*p - 4. Calculate d(r).
5
Let o(r) = -r - 4. Let a be o(-5). Suppose -2*v - a - 1 = 0. Let u(n) = 6*n**2 - n. What is u(v)?
7
Let l(d) = -9*d**3 + d**2. Let f(u) = -u**3. Let a(j) = -4*f(j) + l(j). Give a(1).
-4
Let s be 1 - (-5)/(2/2). Let u(p) = -p**3 + 6*p**2 - p + 3. Calculate u(s).
-3
Suppose -4 = -3*t - 7. Let d(o) = 3*o + 2*o**3 - 6*o + 0 - o**2 + 3. Let s(w) = -w**3 + w - 1. Let u(n) = t*d(n) - 3*s(n). What is u(0)?
0
Let x be (-42)/(-8) - 1/4. Let g(n) = -3*n**2 + n - 6. Let l(b) = -b**2 + b - 1. Let t(r) = -g(r) + 4*l(r). Calculate t(x).
-8
Let p(l) = -l**3 - 6*l**2 - 5*l + 5. Suppose 3*g - 21 - 39 = 0. Let y be (-6)/4*g/15. Let v be (2/(-2))/(y/(-10)). Give p(v).
5
Let x be 37/4 - (-5)/(-20). Let c be 1/((x/6)/(-3)). Let r(n) = -4*n**2 + 4*n**2 - 3*n + 3*n**2 - 4*n**2 - 1. What is r(c)?
1
Let z(q) = -10*q + 2*q + 1 + 4*q. Determine z(-1).
5
Let a(z) = -5*z**3 - 4*z**3 - 1 + 8*z**3 - 2*z - 4*z**2 + z**2. What is a(-2)?
-1
Let n(z) = z**3 + z**2 + z. Let s(c) = 4*c**3 - c**2 + 6*c + 2. Let y(f) = -5*n(f) + s(f). Give y(-6).
-4
Suppose 4*a - 22 = -42. Let v(y) = -y**2 - 5*y + 2. Determine v(a).
2
Let w be (10 - 7) + -1*1. Let o(j) = -3*j + 3 + j**2 + 0*j**w + 4*j - 2*j**2. What is o(0)?
3
Let x(y) = -y**2 + 5*y - 1. Let f be x(4). Let p(r) = -f*r**2 + 2*r**2 + 2*r + 4 + 2*r. Suppose 4 = 4*j - 16. Give p(j).
-1
Let w(m) = 7 + 7*m - 5 + 1 - 4. Give w(-1).
-8
Let t(s) = s + 10. Let o be t(-6). Suppose -3*i + 4 = -o*i. Let u(p) = p**3 + 5*p**2 + 5*p + 5. What is u(i)?
1
Let d(c) = c**3 + 4*c**2 + 2*c + 4. Suppose -10*f = -4*f + 18. Give d(f).
7
Let a(j) = j - 7. Let y(n) = 3*n - 20. Let g = -2 - -4. Let p = g - -6. Let s(i) = p*a(i) - 3*y(i). Determine s(5).
-1
Let m(q) = q + 4. Let t = -23 + 19. Calculate m(t).
0
Suppose 6 = 4*t - 6. Suppose -2*p - 5 = t*p. Let s be p + -2 + 6 - -2. Let u(n) = -n**2 + 2*n + 7. What is u(s)?
-8
Let v(y) = y**3 - 5*y**2 - 2*y - 3. Let b(p) = -2*p**3 + 10*p**2 + 3*p + 7. Let h be 12/(-8)*24/(-9). Let z(q) = h*b(q) + 7*v(q). Give z(5).
-3
Suppose -3*b - 12 = -3*i, 3*b = 5*i - 0*b - 16. Let r(t) = -3*t**3 + 9*t**2 + t + 2. Let x(o) = -o**3 + 3*o**2 + 1. Let l(s) = 2*r(s) - 7*x(s). What is l(i)?
-3
Let d(f) be the third derivative of -f**4/12 - f**3/6 - 7*f**2. Let r(b) = -b - 8. Let t(s) = -3*s - 23. Let j(c) = -17*r(c) + 6*t(c). Let h be j(0). Give d(h).
3
Let h(c) = -c**3 - 5*c**2 - 5*c - 5. Let p be h(-4). Let w(t) = t**3 + 4*t**2 - 13*t - 1. Let g be w(-6). Let j(i) = -11 + g*i + 11. Give j(p).
-5
Let v(b) = -2*b**2 - 1. Let j = -15 + 14. Determine v(j).
-3
Let y(w) = 2*w**2 + w - 3. Suppose 0 = -25*u + 23*u - 6. Give y(u).
12
Let c(q) = -q - 9 + 12 - q + q**2. Calculate c(2).
3
Let r(p) be the first derivative of -p**2/2 - 2*p - 53. Let x = 3 - -3. Calculate r(x).
-8
Let t(m) be the third derivative of 0*m - 4/3*m**3 - 4*m**2 + 0 - 1/24*m**4. Calculate t(0).
-8
Let h(p) = 4*p**2 + 6*p - 5. Let v(z) = 11*z**2 + 17*z - 15. Let m(l) = 8*h(l) - 3*v(l). Give m(-5).
-5
Let c(r) = r**3 - r + 15. Let x be c(0). Suppose -z = 2*z - x. Suppose -z*a + 0*a = -25. Let b(v) = -v**3 + 5*v**2 + 2*v + 1. Determine b(a).
11
Let a(s) = s**3 + 16*s**2 + 14*s - 13. Let f be a(-15). Let x(h) = -2*h**3 + 4*h**2 - 3*h + 1. Give x(f).
-5
Suppose 3*o - 22 = -4. Let j(f) = -4*f + o*f**2 + 3*f - f**3 + 0*f**3. Determine j(6).
-6
Let b(l) be the third derivative of l**6/120 + l**5/6 + 3*l**4/8 - l**3/3 - 3*l**2. What is b(-9)?
-2
Let v be (-4)/(12/(-39)) + 3. Suppose u + 0*c - 3*c - v = 0, 0 = u - 2*c - 14. Let f be u/(-6) - 1/3. Let w(l) = l**3 - l - 2. Calculate w(f).
-8
Let p(i) = -i**2 + 3*i. Let l = -99 + 155. Let u(n) = -8*n**2 + 28*n. Let b(j) = l*p(j) - 6*u(j). Calculate b(-1).
-8
Let s(n) = -2*n - 5. Let c(b) = -2*b - 6. Let k(j) = -4*c(j) + 5*s(j). Let t(i) = -1 - i**2 + i**3 - i + 2 - 2*i. Let g be t(2). Calculate k(g).
1
Let m(l) = l**2 + 4*l + 5. Suppose -5*p - s - 20 = 0, p = -0*s - 4*s - 4. Give m(p).
5
Let t(s) be the first derivative of s**4/4 + s**2/2 - 5*s + 2. Let c be 6/18 - (-128)/(-6). Let q be 0*(c/6 - -3). Give t(q).
-5
Let a(t) = -t**2 + 8*t - 4. Let n(b) = b + 25. Let g be n(-17). Calculate a(g).
-4
Let o(y) = -4 + y**2 - 1 + 4 + 3*y. Let h(s) = 10*s - 7. Let x(a) = -9*a + 6. Let n(p) = 6*h(p) + 7*x(p). Let r be n(1). What is o(r)?
-1
Let b(j) = 4*j**2 - 4. Let t(z) = 9*z**2 - 9. Let m(c) = -7*b(c) + 3*t(c). Calculate m(-3).
-8
Let g(h) = 7*h - 2. Let s = 30 + -28. What is g(s)?
12
Let w = -21 + 25. Let i(n) = -2*n**2 + 7*n - 6. Calculate i(w).
-10
Let h(q) = -q + 1. Let u(i) = -3*i + 40. Let w be u(16). What is h(w)?
9
Let m(n) = n + 1 - 1 - 4. Suppose -a = 12 - 18. Give m(a).
2
Let q(f) be the second derivative of 2*f**3/3 - 3*f**2/2 + 7*f. Calculate q(2).
5
Let h(s) = s**3 - 6*s**2 + 5*s. Let i = -2 + 4. Suppose -6*f - l = -2*f + 27, i*f + 18 = -2*l. Let z(k) = -k**3 - 6*k**2 - k - 1. Let y be z(f). What is h(y)?
0
Let x(c) be the third derivative of 0*c + 0 + 2*c**2 + 1/6*c**3 - 1/12*c**4. Calculate x(-2).
5
Suppose w + 0*w - 20 = 0. Suppose -2 = 3*n - w. Let o(y) = 7*y**2 - y + 3. Let v(d) = 6*d**2 - 2*d + 3. Let z(i) = n*v(i) - 5*o(i). Give z(4).
-9
Let d(w) = 4*w + 0*w - 3*w. What is d(-3)?
-3
Let k(u) = 5*u**3 + 16*u**2 + 4*u - 29. Let i(r) = r**3 + 4*r**2 + r - 7. Let g(v) = -9*i(v) + 2